{"id":172,"date":"2018-11-28T10:05:38","date_gmt":"2018-11-28T10:05:38","guid":{"rendered":"https:\/\/www.homar.pt\/novo\/?page_id=172"},"modified":"2018-11-28T10:05:38","modified_gmt":"2018-11-28T10:05:38","slug":"energias-renovaveis","status":"publish","type":"page","link":"https:\/\/www.homar.pt\/novo\/energias-renovaveis\/","title":{"rendered":"Energias renov\u00e1veis"},"content":{"rendered":"<p>[et_pb_section bb_built=&#8221;1&#8243;][et_pb_row][et_pb_column type=&#8221;4_4&#8243;][et_pb_text _builder_version=&#8221;3.17.6&#8243;]<\/p>\n<h1>Energias renov\u00e1veis<\/h1>\n<p>&nbsp;<\/p>\n<p>[\/et_pb_text][\/et_pb_column][\/et_pb_row][et_pb_row][et_pb_column type=&#8221;1_2&#8243;][et_pb_text _builder_version=&#8221;3.17.6&#8243;]<\/p>\n<p>A protec\u00e7\u00e3o do meio ambiente e a satisfa\u00e7\u00e3o das necessidades energ\u00e9ticas das sociedades modernas n\u00e3o t\u00eam de ser necessariamente incompat\u00edveis.<\/p>\n<p>A produ\u00e7\u00e3o de energia a partir de fontes renov\u00e1veis aproxima estes \u201cdois mundos\u201d at\u00e9 agora divergentes.<\/p>\n<p>A HOMAR, Lda., prop\u00f5e solu\u00e7\u00f5es utilizando a tecnologia&nbsp;<strong>solar fotovoltaica<\/strong>&nbsp;para projectos de produ\u00e7\u00e3o de energia el\u00e9ctrica e tecnologia&nbsp;<strong>solar t\u00e9rmica<\/strong>&nbsp;para produ\u00e7\u00e3o de \u00e1guas quentes. \u00c9 digno de nota que Portugal \u00e9 o pa\u00eds com o maior n\u00famero de horas de sol de toda a Europa.<\/p>\n<p>Autoconsumo \u00bb&nbsp;<a href=\"https:\/\/homar.pt\/wp\/autoconsumo\/\">Clique aqui!<\/a><\/p>\n<p>Pequena Produ\u00e7\u00e3o \u00bb&nbsp;<a href=\"https:\/\/homar.pt\/wp\/pequena-producao-upp\/\">Clique aqui!<\/a><\/p>\n<p>Sistemas Isolados \u00bb&nbsp;<a href=\"https:\/\/homar.pt\/wp\/sistemas-isolados\/\">Clique aqui!<\/a><\/p>\n<p>Bombagem Solar \u00bb&nbsp;<a href=\"https:\/\/homar.pt\/wp\/bombagem-solar\/\">Clique aqui!<\/a><\/p>\n<p>Solar T\u00e9rmico \u00bb&nbsp;<a href=\"https:\/\/homar.pt\/wp\/solar-termico\/\">Clique aqui!<\/a><\/p>\n<p>[\/et_pb_text][\/et_pb_column][et_pb_column type=&#8221;1_2&#8243;][et_pb_image _builder_version=&#8221;3.17.6&#8243; src=&#8221;https:\/\/www.homar.pt\/novo\/wp-content\/uploads\/2018\/11\/SolarGIS-solar-map-EUR-ghi1-1.jpg&#8221; \/][\/et_pb_column][\/et_pb_row][\/et_pb_section]<\/p>\n","protected":false},"excerpt":{"rendered":"<p><div class=\"et_pb_row et_pb_row_0 et_pb_row_empty\">\n\t\t\t\t\n\t\t\t\t\n\t\t\t\t\n\t\t\t\t\n\t\t\t\t\n\t\t\t<\/div> Energias renov\u00e1veis &nbsp; <div class=\"et_pb_row et_pb_row_1 et_pb_row_empty\">\n\t\t\t\t\n\t\t\t\t\n\t\t\t\t\n\t\t\t\t\n\t\t\t\t\n\t\t\t<\/div> A protec\u00e7\u00e3o do meio ambiente e a satisfa\u00e7\u00e3o das necessidades energ\u00e9ticas das sociedades modernas n\u00e3o t\u00eam de ser necessariamente incompat\u00edveis. A produ\u00e7\u00e3o de energia a partir de fontes renov\u00e1veis aproxima estes \u201cdois mundos\u201d at\u00e9 agora divergentes. A HOMAR, Lda., prop\u00f5e solu\u00e7\u00f5es utilizando a tecnologia&nbsp;solar fotovoltaica&nbsp;para projectos de produ\u00e7\u00e3o de energia [&hellip;]<\/p>\n","protected":false},"author":1,"featured_media":0,"parent":0,"menu_order":0,"comment_status":"closed","ping_status":"closed","template":"","meta":{"_et_pb_use_builder":"on","_et_pb_old_content":"","_et_gb_content_width":"","footnotes":""},"class_list":["post-172","page","type-page","status-publish","hentry"],"_links":{"self":[{"href":"https:\/\/www.homar.pt\/novo\/wp-json\/wp\/v2\/pages\/172","targetHints":{"allow":["GET"]}}],"collection":[{"href":"https:\/\/www.homar.pt\/novo\/wp-json\/wp\/v2\/pages"}],"about":[{"href":"https:\/\/www.homar.pt\/novo\/wp-json\/wp\/v2\/types\/page"}],"author":[{"embeddable":true,"href":"https:\/\/www.homar.pt\/novo\/wp-json\/wp\/v2\/users\/1"}],"replies":[{"embeddable":true,"href":"https:\/\/www.homar.pt\/novo\/wp-json\/wp\/v2\/comments?post=172"}],"version-history":[{"count":1,"href":"https:\/\/www.homar.pt\/novo\/wp-json\/wp\/v2\/pages\/172\/revisions"}],"predecessor-version":[{"id":173,"href":"https:\/\/www.homar.pt\/novo\/wp-json\/wp\/v2\/pages\/172\/revisions\/173"}],"wp:attachment":[{"href":"https:\/\/www.homar.pt\/novo\/wp-json\/wp\/v2\/media?parent=172"}],"curies":[{"name":"wp","href":"https:\/\/api.w.org\/{rel}","templated":true}]}}

Energias renováveis

<p>[et_pb_section bb_built=&#8221;1&#8243;][et_pb_row][et_pb_column type=&#8221;4_4&#8243;][et_pb_text _builder_version=&#8221;3.17.6&#8243;]</p>
<h1>Energias renováveis</h1>
<p>&nbsp;</p>
<p>[/et_pb_text][/et_pb_column][/et_pb_row][et_pb_row][et_pb_column type=&#8221;1_2&#8243;][et_pb_text _builder_version=&#8221;3.17.6&#8243;]</p>
<p>A protecção do meio ambiente e a satisfação das necessidades energéticas das sociedades modernas não têm de ser necessariamente incompatíveis.</p>
<p>A produção de energia a partir de fontes renováveis aproxima estes “dois mundos” até agora divergentes.</p>
<p>A HOMAR, Lda., propõe soluções utilizando a tecnologia&nbsp;<strong>solar fotovoltaica</strong>&nbsp;para projectos de produção de energia eléctrica e tecnologia&nbsp;<strong>solar térmica</strong>&nbsp;para produção de águas quentes. É digno de nota que Portugal é o país com o maior número de horas de sol de toda a Europa.</p>
<p>Autoconsumo »&nbsp;<a href="https://homar.pt/wp/autoconsumo/">Clique aqui!</a></p>
<p>Pequena Produção »&nbsp;<a href="https://homar.pt/wp/pequena-producao-upp/">Clique aqui!</a></p>
<p>Sistemas Isolados »&nbsp;<a href="https://homar.pt/wp/sistemas-isolados/">Clique aqui!</a></p>
<p>Bombagem Solar »&nbsp;<a href="https://homar.pt/wp/bombagem-solar/">Clique aqui!</a></p>
<p>Solar Térmico »&nbsp;<a href="https://homar.pt/wp/solar-termico/">Clique aqui!</a></p>
<p>[/et_pb_text][/et_pb_column][et_pb_column type=&#8221;1_2&#8243;][et_pb_image _builder_version=&#8221;3.17.6&#8243; src=&#8221;https://www.homar.pt/novo/wp-content/uploads/2018/11/SolarGIS-solar-map-EUR-ghi1-1.jpg&#8221; /][/et_pb_column][/et_pb_row][/et_pb_section]</p>

<p><div class="et_pb_row et_pb_row_0 et_pb_row_empty">
				
				
				
				
				
			</div> Energias renováveis &nbsp; <div class="et_pb_row et_pb_row_1 et_pb_row_empty">
				
				
				
				
				
			</div> A protecção do meio ambiente e a satisfação das necessidades energéticas das sociedades modernas não têm de ser necessariamente incompatíveis. A produção de energia a partir de fontes renováveis aproxima estes “dois mundos” até agora divergentes. A HOMAR, Lda., propõe soluções utilizando a tecnologia&nbsp;solar fotovoltaica&nbsp;para projectos de produção de energia [&hellip;]</p>
