{"id":183,"date":"2018-11-28T10:12:33","date_gmt":"2018-11-28T10:12:33","guid":{"rendered":"https:\/\/www.homar.pt\/novo\/?page_id=183"},"modified":"2024-05-07T16:02:09","modified_gmt":"2024-05-07T16:02:09","slug":"inicio","status":"publish","type":"page","link":"https:\/\/www.homar.pt\/novo\/","title":{"rendered":"In\u00edcio"},"content":{"rendered":"<p>[et_pb_section fb_built=&#8221;1&#8243; fullwidth=&#8221;on&#8221; _builder_version=&#8221;4.16&#8243; _module_preset=&#8221;default&#8221; global_colors_info=&#8221;{}&#8221;][et_pb_fullwidth_slider _builder_version=&#8221;4.16&#8243; _module_preset=&#8221;default&#8221; body_font_size=&#8221;22px&#8221; auto=&#8221;on&#8221; auto_speed=&#8221;5000&#8243; auto_ignore_hover=&#8221;on&#8221; body_text_shadow_style=&#8221;preset1&#8243; global_colors_info=&#8221;{}&#8221;][et_pb_slide heading=&#8221;Homar, Lda&#8221; _builder_version=&#8221;4.16&#8243; _module_preset=&#8221;default&#8221; header_font=&#8221;|700|||||||&#8221; body_font_size=&#8221;25px&#8221; background_color=&#8221;#FFFFFF&#8221; background_enable_color=&#8221;on&#8221; background_image=&#8221;https:\/\/www.homar.pt\/novo\/wp-content\/uploads\/2021\/06\/sl_6.jpg&#8221; background_enable_image=&#8221;on&#8221; body_text_shadow_style=&#8221;preset1&#8243; global_colors_info=&#8221;{}&#8221; sticky_transition=&#8221;on&#8221;]<\/p>\n<p>Em sintonia com o Ambiente<\/p>\n<p>[\/et_pb_slide][et_pb_slide heading=&#8221;Energia Solar&#8221; _builder_version=&#8221;4.16&#8243; _module_preset=&#8221;default&#8221; header_font=&#8221;|700|||||||&#8221; body_font_size=&#8221;25px&#8221; background_color=&#8221;#FFFFFF&#8221; background_enable_color=&#8221;on&#8221; background_image=&#8221;https:\/\/www.homar.pt\/novo\/wp-content\/uploads\/2021\/06\/sl_4.jpg&#8221; background_enable_image=&#8221;on&#8221; body_text_shadow_style=&#8221;preset1&#8243; global_colors_info=&#8221;{}&#8221; sticky_transition=&#8221;on&#8221;]<\/p>\n<p>Uma solu\u00e7\u00e3o para a sua poupan\u00e7a.<\/p>\n<p>[\/et_pb_slide][et_pb_slide heading=&#8221;Sistemas&#8221; _builder_version=&#8221;4.16&#8243; _module_preset=&#8221;default&#8221; header_font=&#8221;|700|||||||&#8221; body_font_size=&#8221;25px&#8221; background_color=&#8221;#FFFFFF&#8221; background_enable_color=&#8221;on&#8221; background_image=&#8221;https:\/\/www.homar.pt\/novo\/wp-content\/uploads\/2021\/06\/sl_3.jpg&#8221; background_enable_image=&#8221;on&#8221; body_text_shadow_style=&#8221;preset1&#8243; global_colors_info=&#8221;{}&#8221; sticky_transition=&#8221;on&#8221;]<\/p>\n<p>de apoio \u00e0 agricultura<\/p>\n<p>[\/et_pb_slide][et_pb_slide heading=&#8221;Confie-nos o seu&#8221; _builder_version=&#8221;4.16&#8243; _module_preset=&#8221;default&#8221; header_font=&#8221;|700|||||||&#8221; body_font_size=&#8221;25px&#8221; background_color=&#8221;#FFFFFF&#8221; background_enable_color=&#8221;on&#8221; background_image=&#8221;https:\/\/www.homar.pt\/novo\/wp-content\/uploads\/2021\/06\/sl_5.jpg&#8221; background_enable_image=&#8221;on&#8221; body_text_shadow_style=&#8221;preset1&#8243; global_colors_info=&#8221;{}&#8221; sticky_transition=&#8221;on&#8221;]<\/p>\n<p>projeto<\/p>\n<p>[\/et_pb_slide][\/et_pb_fullwidth_slider][\/et_pb_section][et_pb_section fb_built=&#8221;1&#8243; fullwidth=&#8221;on&#8221; disabled_on=&#8221;on|on|on&#8221; _builder_version=&#8221;4.16&#8243; disabled=&#8221;on&#8221; global_colors_info=&#8221;{}&#8221;][et_pb_fullwidth_code _builder_version=&#8221;4.16&#8243; global_colors_info=&#8221;{}&#8221;][layerslider id=&#8221;1&#8243;][\/et_pb_fullwidth_code][\/et_pb_section][et_pb_section fb_built=&#8221;1&#8243; _builder_version=&#8221;4.16&#8243; background_image=&#8221;https:\/\/www.homar.pt\/novo\/wp-content\/uploads\/2018\/11\/texture-1.png&#8221; background_size=&#8221;initial&#8221; background_repeat=&#8221;repeat&#8221; custom_padding=&#8221;54px|0px|0|0px|false|false&#8221; global_colors_info=&#8221;{}&#8221;][et_pb_row column_structure=&#8221;1_4,1_4,1_4,1_4&#8243; _builder_version=&#8221;4.16&#8243; global_colors_info=&#8221;{}&#8221;][et_pb_column type=&#8221;1_4&#8243; _builder_version=&#8221;4.16&#8243; custom_padding=&#8221;|||&#8221; global_colors_info=&#8221;{}&#8221; custom_padding__hover=&#8221;|||&#8221;][et_pb_code module_class=&#8221;arrow_box&#8221; _builder_version=&#8221;4.16&#8243; text_orientation=&#8221;center&#8221; link_option_url=&#8221;https:\/\/www.homar.pt\/novo\/energias-renovaveis\/&#8221; global_colors_info=&#8221;{}&#8221;]<i class=\"fa fa-recycle\"><!-- [et_pb_line_break_holder] -->\t\t\t<\/i>[\/et_pb_code][et_pb_text _builder_version=&#8221;4.16&#8243; global_colors_info=&#8221;{}&#8221;]<\/p>\n<h4 style=\"text-align: center;\">ENERGIAS RENOV\u00c1VEIS<\/h4>\n<p style=\"text-align: center;\"><span>Instala\u00e7\u00e3o de sistemas fotovoltaicos para autoconsumo com ou sem baterias, <\/span><span>Off Grid \u00e0 sua medida<\/span><span>.<\/span><\/p>\n<p>[\/et_pb_text][\/et_pb_column][et_pb_column type=&#8221;1_4&#8243; _builder_version=&#8221;4.16&#8243; custom_padding=&#8221;|||&#8221; global_colors_info=&#8221;{}&#8221; custom_padding__hover=&#8221;|||&#8221;][et_pb_code module_class=&#8221;arrow_box&#8221; _builder_version=&#8221;4.16&#8243; text_orientation=&#8221;center&#8221; link_option_url=&#8221;https:\/\/www.homar.pt\/novo\/agricultura\/&#8221; global_colors_info=&#8221;{}&#8221;]<i class=\"fa fa-bug\"><!-- [et_pb_line_break_holder] -->\t\t\t<\/i>[\/et_pb_code][et_pb_text _builder_version=&#8221;4.16&#8243; global_colors_info=&#8221;{}&#8221;]<\/p>\n<h4 style=\"text-align: center;\">AGRICULTURA<\/h4>\n<p style=\"text-align: center;\"><span>Conhe\u00e7a as solu\u00e7\u00f5es que temos para lhe oferecer nesta \u00e1rea emergente da nossa empresa.<\/span><\/p>\n<p>[\/et_pb_text][\/et_pb_column][et_pb_column type=&#8221;1_4&#8243; _builder_version=&#8221;4.16&#8243; custom_padding=&#8221;|||&#8221; global_colors_info=&#8221;{}&#8221; custom_padding__hover=&#8221;|||&#8221;][et_pb_code module_class=&#8221;arrow_box&#8221; _builder_version=&#8221;4.16&#8243; text_orientation=&#8221;center&#8221; link_option_url=&#8221;https:\/\/www.homar.pt\/novo\/climatizacao\/&#8221; global_colors_info=&#8221;{}&#8221;]<i class=\"fa fa-umbrella\"><!-- [et_pb_line_break_holder] -->\t\t\t<\/i>[\/et_pb_code][et_pb_text _builder_version=&#8221;4.16&#8243; global_colors_info=&#8221;{}&#8221;]<\/p>\n<h5 class=\"caps\" style=\"text-align: center;\"><a href=\"#\" class=\"\">CLIMATIZA\u00c7\u00c3O<\/a><\/h5>\n<p style=\"text-align: center;\"><span>Saiba qual o sistema mais adequado ao seu caso. Comece a poupar hoje mesmo!<\/span><\/p>\n<p>&nbsp;<\/p>\n<p>[\/et_pb_text][\/et_pb_column][et_pb_column type=&#8221;1_4&#8243; _builder_version=&#8221;4.16&#8243; custom_padding=&#8221;|||&#8221; global_colors_info=&#8221;{}&#8221; custom_padding__hover=&#8221;|||&#8221;][et_pb_code module_class=&#8221;arrow_box&#8221; _builder_version=&#8221;4.16&#8243; text_orientation=&#8221;center&#8221; link_option_url=&#8221;https:\/\/www.homar.pt\/novo\/contactos-e-localizacao\/&#8221; global_colors_info=&#8221;{}&#8221;]<i class=\"fa fa-thumbs-up\"><!-- [et_pb_line_break_holder] -->\t\t\t<\/i>[\/et_pb_code][et_pb_text _builder_version=&#8221;4.16&#8243; global_colors_info=&#8221;{}&#8221;]<\/p>\n<h5 class=\"caps\" style=\"text-align: center;\">PROPOSTA GRATUITA<\/h5>\n<p style=\"text-align: center;\">Confie-nos o seu projeto.<span>\u00a0<\/span><br \/><a href=\"https:\/\/www.homar.pt\/novo\/contactos-e-localizacao\/\">Contacte-nos hoje mesmo.<\/a><\/p>\n<p>[\/et_pb_text][\/et_pb_column][\/et_pb_row][\/et_pb_section][et_pb_section fb_built=&#8221;1&#8243; _builder_version=&#8221;4.16&#8243; custom_padding=&#8221;54px|0px|0|0px|false|false&#8221; global_colors_info=&#8221;{}&#8221;][et_pb_row _builder_version=&#8221;4.16&#8243; custom_padding=&#8221;27px|0px|0|0px|false|false&#8221; global_colors_info=&#8221;{}&#8221;][et_pb_column type=&#8221;4_4&#8243; _builder_version=&#8221;4.16&#8243; custom_padding=&#8221;|||&#8221; global_colors_info=&#8221;{}&#8221; custom_padding__hover=&#8221;|||&#8221;][et_pb_image src=&#8221;https:\/\/www.homar.pt\/novo\/wp-content\/uploads\/2018\/11\/pdr2020-1.jpg&#8221; align_tablet=&#8221;center&#8221; align_phone=&#8221;&#8221; align_last_edited=&#8221;on|desktop&#8221; _builder_version=&#8221;4.16&#8243; global_colors_info=&#8221;{}&#8221;]<br \/>\n[\/et_pb_image][\/et_pb_column][\/et_pb_row][\/et_pb_section][et_pb_section fb_built=&#8221;1&#8243; _builder_version=&#8221;4.16&#8243; background_image=&#8221;https:\/\/www.homar.pt\/novo\/wp-content\/uploads\/2018\/11\/texture-1.png&#8221; background_size=&#8221;initial&#8221; background_repeat=&#8221;repeat&#8221; custom_padding=&#8221;0|0px|54px|0px|false|false&#8221; global_colors_info=&#8221;{}&#8221;][et_pb_row _builder_version=&#8221;4.16&#8243; global_colors_info=&#8221;{}&#8221;][et_pb_column type=&#8221;4_4&#8243; _builder_version=&#8221;4.16&#8243; custom_padding=&#8221;|||&#8221; global_colors_info=&#8221;{}&#8221; custom_padding__hover=&#8221;|||&#8221;][\/et_pb_column][\/et_pb_row][\/et_pb_section]<\/p>\n","protected":false},"excerpt":{"rendered":"<p>Em sintonia com o AmbienteUma solu\u00e7\u00e3o para a sua poupan\u00e7a.de apoio \u00e0 agriculturaprojeto[layerslider id=&#8221;1&#8243;]ENERGIAS RENOV\u00c1VEIS Instala\u00e7\u00e3o de sistemas fotovoltaicos para autoconsumo com ou sem baterias, Off Grid \u00e0 sua medida.AGRICULTURA Conhe\u00e7a as solu\u00e7\u00f5es que temos para lhe oferecer nesta \u00e1rea emergente da nossa empresa. CLIMATIZA\u00c7\u00c3O Saiba qual o sistema mais adequado ao seu caso. Comece [&hellip;]<\/p>\n","protected":false},"author":1,"featured_media":0,"parent":0,"menu_order":0,"comment_status":"closed","ping_status":"closed","template":"","meta":{"_et_pb_use_builder":"on","_et_pb_old_content":"","_et_gb_content_width":"","footnotes":""},"class_list":["post-183","page","type-page","status-publish","hentry"],"_links":{"self":[{"href":"https:\/\/www.homar.pt\/novo\/wp-json\/wp\/v2\/pages\/183","targetHints":{"allow":["GET"]}}],"collection":[{"href":"https:\/\/www.homar.pt\/novo\/wp-json\/wp\/v2\/pages"}],"about":[{"href":"https:\/\/www.homar.pt\/novo\/wp-json\/wp\/v2\/types\/page"}],"author":[{"embeddable":true,"href":"https:\/\/www.homar.pt\/novo\/wp-json\/wp\/v2\/users\/1"}],"replies":[{"embeddable":true,"href":"https:\/\/www.homar.pt\/novo\/wp-json\/wp\/v2\/comments?post=183"}],"version-history":[{"count":21,"href":"https:\/\/www.homar.pt\/novo\/wp-json\/wp\/v2\/pages\/183\/revisions"}],"predecessor-version":[{"id":668,"href":"https:\/\/www.homar.pt\/novo\/wp-json\/wp\/v2\/pages\/183\/revisions\/668"}],"wp:attachment":[{"href":"https:\/\/www.homar.pt\/novo\/wp-json\/wp\/v2\/media?parent=183"}],"curies":[{"name":"wp","href":"https:\/\/api.w.org\/{rel}","templated":true}]}}