{"id":201,"date":"2018-11-28T10:27:23","date_gmt":"2018-11-28T10:27:23","guid":{"rendered":"https:\/\/www.homar.pt\/novo\/?page_id=201"},"modified":"2018-11-28T16:26:24","modified_gmt":"2018-11-28T16:26:24","slug":"solar-termico","status":"publish","type":"page","link":"https:\/\/www.homar.pt\/novo\/solar-termico\/","title":{"rendered":"Solar T\u00e9rmico"},"content":{"rendered":"<p>[et_pb_section bb_built=&#8221;1&#8243; fullwidth=&#8221;on&#8221; specialty=&#8221;off&#8221; next_background_color=&#8221;#000000&#8243;][et_pb_fullwidth_header _builder_version=&#8221;3.17.6&#8243; title=&#8221;Solar T\u00e9rmico&#8221; background_color=&#8221;#f4f4f4&#8243; border_width_top=&#8221;2px&#8221; border_color_top=&#8221;#eeeeee&#8221; border_width_bottom=&#8221;1px&#8221; border_color_bottom=&#8221;#eeeeee&#8221; title_text_color=&#8221;#00923f&#8221; \/][\/et_pb_section][et_pb_section bb_built=&#8221;1&#8243; _builder_version=&#8221;3.0.47&#8243; prev_background_color=&#8221;#000000&#8243;][et_pb_row _builder_version=&#8221;3.0.48&#8243; background_size=&#8221;initial&#8221; background_position=&#8221;top_left&#8221; background_repeat=&#8221;repeat&#8221;][et_pb_column type=&#8221;4_4&#8243;][et_pb_text _builder_version=&#8221;3.17.6&#8243;]<\/p>\n<p>A HOMAR,Lda., disponibiliza aos seus clientes solu\u00e7\u00f5es flex\u00edveis baseadas em produtos de reconhecida qualidade.<br \/>Dotada de uma equipa t\u00e9cnica especializada a HOMAR,Lda. prop\u00f5e aos seus clientes solu\u00e7\u00f5es chave-na-m\u00e3o que incluem:<br \/>\u2013 Dimensionamento e projecto da instala\u00e7\u00e3o.<br \/>\u2013 Estudo de viabilidade econ\u00f3mica<br \/>\u2013 Fornecimento de todo o equipamento necess\u00e1rio<br \/>\u2013 Realiza\u00e7\u00e3o de ensaios e coloca\u00e7\u00e3o em servi\u00e7o.<\/p>\n<p>\u00a0<\/p>\n<p>[\/et_pb_text][\/et_pb_column][\/et_pb_row][et_pb_row custom_padding=&#8221;40px|0px|0px|0px|false|false&#8221; _builder_version=&#8221;3.17.6&#8243; border_radii=&#8221;on|0px|0px|0px|0px&#8221; border_color_all=&#8221;#f9f9f9&#8243;][et_pb_column type=&#8221;2_3&#8243;][et_pb_text _builder_version=&#8221;3.17.6&#8243; border_color_all=&#8221;#e0e0e0&#8243;]<\/p>\n<h3 style=\"text-align: center;\"><strong>Cerca de 300 sistemas instalados (uso dom\u00e9stico) ao abrigo do Programa Solar T\u00e9rmico 2009, totalizando 1 milhar de instala\u00e7\u00f5es at\u00e9 final de 2011<\/strong><\/h3>\n<p>[\/et_pb_text][\/et_pb_column][et_pb_column type=&#8221;1_3&#8243;][et_pb_button button_url=&#8221;https:\/\/www.homar.pt\/novo\/galeria&#8221; button_text=&#8221;Galeria&#8221; _builder_version=&#8221;3.17.6&#8243;]<\/p>\n<p><\/p>\n<p>[\/et_pb_button][\/et_pb_column][\/et_pb_row][et_pb_row _builder_version=&#8221;3.0.48&#8243; background_size=&#8221;initial&#8221; background_position=&#8221;top_left&#8221; background_repeat=&#8221;repeat&#8221; custom_padding=&#8221;76px|0px|27px|0px|false|false&#8221;][et_pb_column type=&#8221;4_4&#8243;][et_pb_text _builder_version=&#8221;3.17.6&#8243;]<\/p>\n<h3>Estimativa de\u00a0<strong>Produ\u00e7\u00e3o<\/strong><\/h3>\n<p>Como exemplo considera-se um sistema projectado para suprir as necessidades de \u00e1gua quente sanit\u00e1ria de uma fam\u00edlia composta por quatro pessoas.<br \/>O sistema \u00e9 composto por 2 paneis solares com 2m2 cada e um termoacumulador de 300Lts.<\/p>\n<p>[\/et_pb_text][\/et_pb_column][\/et_pb_row][et_pb_row _builder_version=&#8221;3.0.48&#8243; background_size=&#8221;initial&#8221; background_position=&#8221;top_left&#8221; background_repeat=&#8221;repeat&#8221;][et_pb_column type=&#8221;1_2&#8243;][et_pb_image src=&#8221;https:\/\/www.homar.pt\/novo\/wp-content\/uploads\/2018\/11\/grafico61.jpg&#8221; _builder_version=&#8221;3.17.6&#8243;]<\/p>\n<p><\/p>\n<p>[\/et_pb_image][\/et_pb_column][et_pb_column type=&#8221;1_2&#8243;][et_pb_image src=&#8221;https:\/\/www.homar.pt\/novo\/wp-content\/uploads\/2018\/11\/grafico71.jpg&#8221; _builder_version=&#8221;3.17.6&#8243;]<\/p>\n<p><\/p>\n<p>[\/et_pb_image][\/et_pb_column][\/et_pb_row][\/et_pb_section]<\/p>\n","protected":false},"excerpt":{"rendered":"<p>A HOMAR,Lda., disponibiliza aos seus clientes solu\u00e7\u00f5es flex\u00edveis baseadas em produtos de reconhecida qualidade.Dotada de uma equipa t\u00e9cnica especializada a HOMAR,Lda. prop\u00f5e aos seus clientes solu\u00e7\u00f5es chave-na-m\u00e3o que incluem:\u2013 Dimensionamento e projecto da instala\u00e7\u00e3o.\u2013 Estudo de viabilidade econ\u00f3mica\u2013 Fornecimento de todo o equipamento necess\u00e1rio\u2013 Realiza\u00e7\u00e3o de ensaios e coloca\u00e7\u00e3o em servi\u00e7o.\u00a0 Cerca de 300 sistemas [&hellip;]<\/p>\n","protected":false},"author":1,"featured_media":0,"parent":0,"menu_order":0,"comment_status":"closed","ping_status":"closed","template":"","meta":{"_et_pb_use_builder":"on","_et_pb_old_content":"","_et_gb_content_width":"","footnotes":""},"class_list":["post-201","page","type-page","status-publish","hentry"],"_links":{"self":[{"href":"https:\/\/www.homar.pt\/novo\/wp-json\/wp\/v2\/pages\/201","targetHints":{"allow":["GET"]}}],"collection":[{"href":"https:\/\/www.homar.pt\/novo\/wp-json\/wp\/v2\/pages"}],"about":[{"href":"https:\/\/www.homar.pt\/novo\/wp-json\/wp\/v2\/types\/page"}],"author":[{"embeddable":true,"href":"https:\/\/www.homar.pt\/novo\/wp-json\/wp\/v2\/users\/1"}],"replies":[{"embeddable":true,"href":"https:\/\/www.homar.pt\/novo\/wp-json\/wp\/v2\/comments?post=201"}],"version-history":[{"count":4,"href":"https:\/\/www.homar.pt\/novo\/wp-json\/wp\/v2\/pages\/201\/revisions"}],"predecessor-version":[{"id":284,"href":"https:\/\/www.homar.pt\/novo\/wp-json\/wp\/v2\/pages\/201\/revisions\/284"}],"wp:attachment":[{"href":"https:\/\/www.homar.pt\/novo\/wp-json\/wp\/v2\/media?parent=201"}],"curies":[{"name":"wp","href":"https:\/\/api.w.org\/{rel}","templated":true}]}}