{"id":221,"date":"2018-11-28T10:45:09","date_gmt":"2018-11-28T10:45:09","guid":{"rendered":"https:\/\/www.homar.pt\/novo\/?page_id=221"},"modified":"2018-11-28T16:29:01","modified_gmt":"2018-11-28T16:29:01","slug":"reservatorio-pulmao","status":"publish","type":"page","link":"https:\/\/www.homar.pt\/novo\/reservatorio-pulmao\/","title":{"rendered":"Reservat\u00f3rio Pulm\u00e3o"},"content":{"rendered":"<p>[et_pb_section bb_built=&#8221;1&#8243; fullwidth=&#8221;on&#8221; specialty=&#8221;off&#8221; next_background_color=&#8221;#000000&#8243;][et_pb_fullwidth_header _builder_version=&#8221;3.17.6&#8243; title=&#8221;Reservat\u00f3rio Pulm\u00e3o&#8221; background_color=&#8221;#f4f4f4&#8243; border_width_top=&#8221;2px&#8221; border_color_top=&#8221;#eeeeee&#8221; border_width_bottom=&#8221;1px&#8221; border_color_bottom=&#8221;#eeeeee&#8221; title_text_color=&#8221;#00923f&#8221; \/][\/et_pb_section][et_pb_section bb_built=&#8221;1&#8243; prev_background_color=&#8221;#000000&#8243;][et_pb_row][et_pb_column type=&#8221;1_2&#8243;][et_pb_text _builder_version=&#8221;3.17.6&#8243;]<\/p>\n<h3>Descri\u00e7\u00e3o<\/h3>\n<div id=\"attachment_1343\" class=\"wp-caption alignright\">\n<p><a href=\"https:\/\/www.homar.pt\/novo\/wp-content\/uploads\/2018\/11\/mahoraqua.pdf\"><img loading=\"lazy\" decoding=\"async\" class=\"wp-image-1343 size-full\" src=\"https:\/\/www.homar.pt\/novo\/wp-content\/uploads\/2018\/11\/mahoraqua.jpg\" alt=\"mahoraqua\" width=\"100\" height=\"141\" \/><\/a><\/p>\n<p class=\"wp-caption-text\">Ficha t\u00e9cnica<\/p>\n<\/div>\n<p>A Homar apresenta solu\u00e7\u00f5es para o armazenamento de \u00e1gua em per\u00edodos de maior car\u00eancia ou armazenamento de chorumes em per\u00edodos que legalmente n\u00e3o podem ser despejados, com capacidade at\u00e9 1000m3.<\/p>\n<p>A Homar prop\u00f5e a instala\u00e7\u00e3o de reservat\u00f3rios fabricados pela\u00a0<a href=\"https:\/\/www.mahor.pt\/\" target=\"_blank\" rel=\"noopener\">Mahor, Lda\u00a0<\/a>empresa nossa associada.<\/p>\n<p>[\/et_pb_text][\/et_pb_column][et_pb_column type=&#8221;1_2&#8243;][et_pb_text _builder_version=&#8221;3.17.6&#8243;]<\/p>\n<h3>Aplica\u00e7\u00f5es<\/h3>\n<ul>\n<li><i class=\"fa fa-check-square\"><\/i>\u00a0<strong>Agr\u00edcola\u00a0<\/strong>\u2013 Armazenamento de \u00e1gua para rega proveniente de uma<br \/>ou mais capta\u00e7\u00f5es.<\/li>\n<li><i class=\"fa fa-check-square\"><\/i>\u00a0<strong>Pecu\u00e1ria<\/strong>\u00a0\u2013 Armazenamento Chorumes para evitar contamina\u00e7\u00e3o de<br \/>solos e \u00e1guas.<\/li>\n<li><i class=\"fa fa-check-square\"><\/i>\u00a0<strong>Florestal<\/strong>\u00a0\u2013 Armazenamento de \u00e1gua para combate a inc\u00eandios.<\/li>\n<li><i class=\"fa fa-check-square\"><\/i>\u00a0<strong>Aquacultura<\/strong>\u00a0\u2013 Viveiros de peixe e tanques de engorda.<\/li>\n<\/ul>\n<p>&nbsp;<\/p>\n<p>[\/et_pb_text][\/et_pb_column][\/et_pb_row][et_pb_row][et_pb_column type=&#8221;4_4&#8243;][et_pb_image _builder_version=&#8221;3.17.6&#8243; src=&#8221;https:\/\/www.homar.pt\/novo\/wp-content\/uploads\/2018\/11\/pulmao-1.jpg&#8221; \/][\/et_pb_column][\/et_pb_row][\/et_pb_section]<\/p>\n","protected":false},"excerpt":{"rendered":"<p><div class=\"et_pb_row et_pb_row_0 et_pb_row_empty\">\n\t\t\t\t\n\t\t\t\t\n\t\t\t\t\n\t\t\t\t\n\t\t\t\t\n\t\t\t<\/div> Descri\u00e7\u00e3o Ficha t\u00e9cnica A Homar apresenta solu\u00e7\u00f5es para o armazenamento de \u00e1gua em per\u00edodos de maior car\u00eancia ou armazenamento de chorumes em per\u00edodos que legalmente n\u00e3o podem ser despejados, com capacidade at\u00e9 1000m3. A Homar prop\u00f5e a instala\u00e7\u00e3o de reservat\u00f3rios fabricados pela\u00a0Mahor, Lda\u00a0empresa nossa associada. Aplica\u00e7\u00f5es \u00a0Agr\u00edcola\u00a0\u2013 Armazenamento de \u00e1gua para rega proveniente de [&hellip;]<\/p>\n","protected":false},"author":1,"featured_media":0,"parent":0,"menu_order":0,"comment_status":"closed","ping_status":"closed","template":"","meta":{"_et_pb_use_builder":"on","_et_pb_old_content":"","_et_gb_content_width":"","footnotes":""},"class_list":["post-221","page","type-page","status-publish","hentry"],"_links":{"self":[{"href":"https:\/\/www.homar.pt\/novo\/wp-json\/wp\/v2\/pages\/221","targetHints":{"allow":["GET"]}}],"collection":[{"href":"https:\/\/www.homar.pt\/novo\/wp-json\/wp\/v2\/pages"}],"about":[{"href":"https:\/\/www.homar.pt\/novo\/wp-json\/wp\/v2\/types\/page"}],"author":[{"embeddable":true,"href":"https:\/\/www.homar.pt\/novo\/wp-json\/wp\/v2\/users\/1"}],"replies":[{"embeddable":true,"href":"https:\/\/www.homar.pt\/novo\/wp-json\/wp\/v2\/comments?post=221"}],"version-history":[{"count":3,"href":"https:\/\/www.homar.pt\/novo\/wp-json\/wp\/v2\/pages\/221\/revisions"}],"predecessor-version":[{"id":289,"href":"https:\/\/www.homar.pt\/novo\/wp-json\/wp\/v2\/pages\/221\/revisions\/289"}],"wp:attachment":[{"href":"https:\/\/www.homar.pt\/novo\/wp-json\/wp\/v2\/media?parent=221"}],"curies":[{"name":"wp","href":"https:\/\/api.w.org\/{rel}","templated":true}]}}